{"id":8225,"date":"2024-04-17T02:49:21","date_gmt":"2024-04-17T07:49:21","guid":{"rendered":"https:\/\/audiosoundsas.com\/?post_type=product&#038;p=8225"},"modified":"2024-04-17T02:51:28","modified_gmt":"2024-04-17T07:51:28","slug":"megafono-mf-40-linea-profesional-audio-sound","status":"publish","type":"product","link":"https:\/\/audiosoundsas.com\/?product=megafono-mf-40-linea-profesional-audio-sound","title":{"rendered":"Meg\u00e1fono MF-40 l\u00ednea profesional &#8211; Audio Sound"},"content":{"rendered":"","protected":false},"excerpt":{"rendered":"<p>FUNCIONES:<span class=\"misspelling correction\" title=\"Se ha encontrado un posible error ortogr\u00e1fico.\" data-type=\"misspelling\" data-suggestions=\"[{&quot;value&quot;:&quot;Meg\u00e1fono&quot;},{&quot;value&quot;:&quot;Meg\u00e1fonos&quot;}]\" data-rule=\"MORFOLOGIK_RULE_ES\" data-word=\"Megafono\"> Meg\u00e1fono con grabaci\u00f3n de 260 segundos, USB, auxiliar, sirena, bluetooth y micr\u00f3fono externo. Bater\u00eda recargable y cargador incorporado.<\/span><\/p>\n<p>ACCESORIOS: Cargador, cable USB y bater\u00eda de l\u00edtio 3.7V<\/p>\n","protected":false},"featured_media":8226,"template":"","meta":[],"product_cat":[84],"product_tag":[],"class_list":{"0":"post-8225","1":"product","2":"type-product","3":"status-publish","4":"has-post-thumbnail","6":"product_cat-megafonos","8":"first","9":"instock","10":"shipping-taxable","11":"product-type-simple"},"yoast_head":"<!-- This site is optimized with the Yoast SEO plugin v19.8 - https:\/\/yoast.com\/wordpress\/plugins\/seo\/ -->\n<title>Meg\u00e1fono MF-40 l\u00ednea profesional - Audio Sound - Audiosoundsas<\/title>\n<meta name=\"robots\" content=\"index, follow, max-snippet:-1, max-image-preview:large, max-video-preview:-1\" \/>\n<link rel=\"canonical\" href=\"https:\/\/audiosoundsas.com\/?product=megafono-mf-40-linea-profesional-audio-sound\" \/>\n<meta property=\"og:locale\" content=\"es_ES\" \/>\n<meta property=\"og:type\" content=\"article\" \/>\n<meta property=\"og:title\" content=\"Meg\u00e1fono MF-40 l\u00ednea profesional - Audio Sound - Audiosoundsas\" \/>\n<meta property=\"og:description\" content=\"FUNCIONES: Meg\u00e1fono con grabaci\u00f3n de 260 segundos, USB, auxiliar, sirena, bluetooth y micr\u00f3fono externo. Bater\u00eda recargable y cargador incorporado.  ACCESORIOS: Cargador, cable USB y bater\u00eda de l\u00edtio 3.7V\" \/>\n<meta property=\"og:url\" content=\"https:\/\/audiosoundsas.com\/?product=megafono-mf-40-linea-profesional-audio-sound\" \/>\n<meta property=\"og:site_name\" content=\"Audiosoundsas\" \/>\n<meta property=\"article:modified_time\" content=\"2024-04-17T07:51:28+00:00\" \/>\n<meta property=\"og:image\" content=\"https:\/\/audiosoundsas.com\/wp-content\/uploads\/2024\/04\/3-100.jpg\" \/>\n\t<meta property=\"og:image:width\" content=\"1001\" \/>\n\t<meta property=\"og:image:height\" content=\"1000\" \/>\n\t<meta property=\"og:image:type\" content=\"image\/jpeg\" \/>\n<meta name=\"twitter:card\" content=\"summary_large_image\" \/>\n<script type=\"application\/ld+json\" class=\"yoast-schema-graph\">{\"@context\":\"https:\/\/schema.org\",\"@graph\":[{\"@type\":\"WebPage\",\"@id\":\"https:\/\/audiosoundsas.com\/?product=megafono-mf-40-linea-profesional-audio-sound\",\"url\":\"https:\/\/audiosoundsas.com\/?product=megafono-mf-40-linea-profesional-audio-sound\",\"name\":\"Meg\u00e1fono MF-40 l\u00ednea profesional - Audio Sound - Audiosoundsas\",\"isPartOf\":{\"@id\":\"https:\/\/audiosoundsas.com\/#website\"},\"datePublished\":\"2024-04-17T07:49:21+00:00\",\"dateModified\":\"2024-04-17T07:51:28+00:00\",\"breadcrumb\":{\"@id\":\"https:\/\/audiosoundsas.com\/?product=megafono-mf-40-linea-profesional-audio-sound#breadcrumb\"},\"inLanguage\":\"es\",\"potentialAction\":[{\"@type\":\"ReadAction\",\"target\":[\"https:\/\/audiosoundsas.com\/?product=megafono-mf-40-linea-profesional-audio-sound\"]}]},{\"@type\":\"BreadcrumbList\",\"@id\":\"https:\/\/audiosoundsas.com\/?product=megafono-mf-40-linea-profesional-audio-sound#breadcrumb\",\"itemListElement\":[{\"@type\":\"ListItem\",\"position\":1,\"name\":\"Portada\",\"item\":\"https:\/\/audiosoundsas.com\/\"},{\"@type\":\"ListItem\",\"position\":2,\"name\":\"Productos\",\"item\":\"https:\/\/audiosoundsas.com\/?page_id=8\"},{\"@type\":\"ListItem\",\"position\":3,\"name\":\"Meg\u00e1fono MF-40 l\u00ednea profesional &#8211; Audio Sound\"}]},{\"@type\":\"WebSite\",\"@id\":\"https:\/\/audiosoundsas.com\/#website\",\"url\":\"https:\/\/audiosoundsas.com\/\",\"name\":\"Audiosoundsas\",\"description\":\"P\u00e1gina web oficial de la marca Audio Sound\",\"potentialAction\":[{\"@type\":\"SearchAction\",\"target\":{\"@type\":\"EntryPoint\",\"urlTemplate\":\"https:\/\/audiosoundsas.com\/?s={search_term_string}\"},\"query-input\":\"required name=search_term_string\"}],\"inLanguage\":\"es\"}]}<\/script>\n<!-- \/ Yoast SEO plugin. -->","yoast_head_json":{"title":"Meg\u00e1fono MF-40 l\u00ednea profesional - Audio Sound - Audiosoundsas","robots":{"index":"index","follow":"follow","max-snippet":"max-snippet:-1","max-image-preview":"max-image-preview:large","max-video-preview":"max-video-preview:-1"},"canonical":"https:\/\/audiosoundsas.com\/?product=megafono-mf-40-linea-profesional-audio-sound","og_locale":"es_ES","og_type":"article","og_title":"Meg\u00e1fono MF-40 l\u00ednea profesional - Audio Sound - Audiosoundsas","og_description":"FUNCIONES: Meg\u00e1fono con grabaci\u00f3n de 260 segundos, USB, auxiliar, sirena, bluetooth y micr\u00f3fono externo. Bater\u00eda recargable y cargador incorporado.  ACCESORIOS: Cargador, cable USB y bater\u00eda de l\u00edtio 3.7V","og_url":"https:\/\/audiosoundsas.com\/?product=megafono-mf-40-linea-profesional-audio-sound","og_site_name":"Audiosoundsas","article_modified_time":"2024-04-17T07:51:28+00:00","og_image":[{"width":1001,"height":1000,"url":"https:\/\/audiosoundsas.com\/wp-content\/uploads\/2024\/04\/3-100.jpg","type":"image\/jpeg"}],"twitter_card":"summary_large_image","schema":{"@context":"https:\/\/schema.org","@graph":[{"@type":"WebPage","@id":"https:\/\/audiosoundsas.com\/?product=megafono-mf-40-linea-profesional-audio-sound","url":"https:\/\/audiosoundsas.com\/?product=megafono-mf-40-linea-profesional-audio-sound","name":"Meg\u00e1fono MF-40 l\u00ednea profesional - Audio Sound - Audiosoundsas","isPartOf":{"@id":"https:\/\/audiosoundsas.com\/#website"},"datePublished":"2024-04-17T07:49:21+00:00","dateModified":"2024-04-17T07:51:28+00:00","breadcrumb":{"@id":"https:\/\/audiosoundsas.com\/?product=megafono-mf-40-linea-profesional-audio-sound#breadcrumb"},"inLanguage":"es","potentialAction":[{"@type":"ReadAction","target":["https:\/\/audiosoundsas.com\/?product=megafono-mf-40-linea-profesional-audio-sound"]}]},{"@type":"BreadcrumbList","@id":"https:\/\/audiosoundsas.com\/?product=megafono-mf-40-linea-profesional-audio-sound#breadcrumb","itemListElement":[{"@type":"ListItem","position":1,"name":"Portada","item":"https:\/\/audiosoundsas.com\/"},{"@type":"ListItem","position":2,"name":"Productos","item":"https:\/\/audiosoundsas.com\/?page_id=8"},{"@type":"ListItem","position":3,"name":"Meg\u00e1fono MF-40 l\u00ednea profesional &#8211; Audio Sound"}]},{"@type":"WebSite","@id":"https:\/\/audiosoundsas.com\/#website","url":"https:\/\/audiosoundsas.com\/","name":"Audiosoundsas","description":"P\u00e1gina web oficial de la marca Audio Sound","potentialAction":[{"@type":"SearchAction","target":{"@type":"EntryPoint","urlTemplate":"https:\/\/audiosoundsas.com\/?s={search_term_string}"},"query-input":"required name=search_term_string"}],"inLanguage":"es"}]}},"_links":{"self":[{"href":"https:\/\/audiosoundsas.com\/index.php?rest_route=\/wp\/v2\/product\/8225","targetHints":{"allow":["GET"]}}],"collection":[{"href":"https:\/\/audiosoundsas.com\/index.php?rest_route=\/wp\/v2\/product"}],"about":[{"href":"https:\/\/audiosoundsas.com\/index.php?rest_route=\/wp\/v2\/types\/product"}],"wp:featuredmedia":[{"embeddable":true,"href":"https:\/\/audiosoundsas.com\/index.php?rest_route=\/wp\/v2\/media\/8226"}],"wp:attachment":[{"href":"https:\/\/audiosoundsas.com\/index.php?rest_route=%2Fwp%2Fv2%2Fmedia&parent=8225"}],"wp:term":[{"taxonomy":"product_cat","embeddable":true,"href":"https:\/\/audiosoundsas.com\/index.php?rest_route=%2Fwp%2Fv2%2Fproduct_cat&post=8225"},{"taxonomy":"product_tag","embeddable":true,"href":"https:\/\/audiosoundsas.com\/index.php?rest_route=%2Fwp%2Fv2%2Fproduct_tag&post=8225"}],"curies":[{"name":"wp","href":"https:\/\/api.w.org\/{rel}","templated":true}]}}