{"id":8476,"date":"2025-11-02T18:17:47","date_gmt":"2025-11-02T23:17:47","guid":{"rendered":"https:\/\/audiosoundsas.com\/?post_type=product&#038;p=8476"},"modified":"2025-11-02T18:19:23","modified_gmt":"2025-11-02T23:19:23","slug":"camara-de-humo-as-f0g2000l-audio-sound","status":"publish","type":"product","link":"https:\/\/audiosoundsas.com\/?product=camara-de-humo-as-f0g2000l-audio-sound","title":{"rendered":"C\u00e1mara de humo AS-F0G2000L Audio Sound"},"content":{"rendered":"","protected":false},"excerpt":{"rendered":"<p>POTENCIA: 2000 Watts.<\/p>\n<p>TIEMPO DE PRECALENTAMIENTO 5 minutos.<\/p>\n<p>DISTANCIA DE PROYECCI\u00d3N: 10 metros.<\/p>\n<p>LUZ LED RGB ACCESORIOS: Control con cable y control <span class=\"error misspelling\" title=\"Se ha encontrado un posible error ortogr\u00e1fico.\" data-type=\"misspelling\" data-suggestions=\"[{&quot;value&quot;:&quot;remoto&quot;},{&quot;value&quot;:&quot;remota&quot;},{&quot;value&quot;:&quot;remotos&quot;},{&quot;value&quot;:&quot;remat\u00f3&quot;},{&quot;value&quot;:&quot;remont\u00f3&quot;},{&quot;value&quot;:&quot;remojo&quot;},{&quot;value&quot;:&quot;rebot\u00f3&quot;}]\" data-rule=\"MORFOLOGIK_RULE_ES\" data-word=\"r\u00e9moto\">r\u00e9moto<\/span> inal\u00e1mbrico.<\/p>\n","protected":false},"featured_media":8477,"template":"","meta":[],"product_cat":[90],"product_tag":[],"class_list":{"0":"post-8476","1":"product","2":"type-product","3":"status-publish","4":"has-post-thumbnail","6":"product_cat-camaras-de-humo","8":"first","9":"instock","10":"shipping-taxable","11":"product-type-simple"},"yoast_head":"<!-- This site is optimized with the Yoast SEO plugin v19.8 - https:\/\/yoast.com\/wordpress\/plugins\/seo\/ -->\n<title>C\u00e1mara de humo AS-F0G2000L Audio Sound - Audiosoundsas<\/title>\n<meta name=\"robots\" content=\"index, follow, max-snippet:-1, max-image-preview:large, max-video-preview:-1\" \/>\n<link rel=\"canonical\" href=\"https:\/\/audiosoundsas.com\/?product=camara-de-humo-as-f0g2000l-audio-sound\" \/>\n<meta property=\"og:locale\" content=\"es_ES\" \/>\n<meta property=\"og:type\" content=\"article\" \/>\n<meta property=\"og:title\" content=\"C\u00e1mara de humo AS-F0G2000L Audio Sound - Audiosoundsas\" \/>\n<meta property=\"og:description\" content=\"POTENCIA: 2000 Watts.  TIEMPO DE PRECALENTAMIENTO 5 minutos.  DISTANCIA DE PROYECCI\u00d3N: 10 metros.  LUZ LED RGB ACCESORIOS: Control con cable y control r\u00e9moto inal\u00e1mbrico.\" \/>\n<meta property=\"og:url\" content=\"https:\/\/audiosoundsas.com\/?product=camara-de-humo-as-f0g2000l-audio-sound\" \/>\n<meta property=\"og:site_name\" content=\"Audiosoundsas\" \/>\n<meta property=\"article:modified_time\" content=\"2025-11-02T23:19:23+00:00\" \/>\n<meta property=\"og:image\" content=\"https:\/\/audiosoundsas.com\/wp-content\/uploads\/2025\/11\/camara_humo_A_SOUND_2000.jpg\" \/>\n\t<meta property=\"og:image:width\" content=\"1080\" \/>\n\t<meta property=\"og:image:height\" content=\"1080\" \/>\n\t<meta property=\"og:image:type\" content=\"image\/jpeg\" \/>\n<meta name=\"twitter:card\" content=\"summary_large_image\" \/>\n<script type=\"application\/ld+json\" class=\"yoast-schema-graph\">{\"@context\":\"https:\/\/schema.org\",\"@graph\":[{\"@type\":\"WebPage\",\"@id\":\"https:\/\/audiosoundsas.com\/?product=camara-de-humo-as-f0g2000l-audio-sound\",\"url\":\"https:\/\/audiosoundsas.com\/?product=camara-de-humo-as-f0g2000l-audio-sound\",\"name\":\"C\u00e1mara de humo AS-F0G2000L Audio Sound - Audiosoundsas\",\"isPartOf\":{\"@id\":\"https:\/\/audiosoundsas.com\/#website\"},\"datePublished\":\"2025-11-02T23:17:47+00:00\",\"dateModified\":\"2025-11-02T23:19:23+00:00\",\"breadcrumb\":{\"@id\":\"https:\/\/audiosoundsas.com\/?product=camara-de-humo-as-f0g2000l-audio-sound#breadcrumb\"},\"inLanguage\":\"es\",\"potentialAction\":[{\"@type\":\"ReadAction\",\"target\":[\"https:\/\/audiosoundsas.com\/?product=camara-de-humo-as-f0g2000l-audio-sound\"]}]},{\"@type\":\"BreadcrumbList\",\"@id\":\"https:\/\/audiosoundsas.com\/?product=camara-de-humo-as-f0g2000l-audio-sound#breadcrumb\",\"itemListElement\":[{\"@type\":\"ListItem\",\"position\":1,\"name\":\"Portada\",\"item\":\"https:\/\/audiosoundsas.com\/\"},{\"@type\":\"ListItem\",\"position\":2,\"name\":\"Productos\",\"item\":\"https:\/\/audiosoundsas.com\/?page_id=8\"},{\"@type\":\"ListItem\",\"position\":3,\"name\":\"C\u00e1mara de humo AS-F0G2000L Audio Sound\"}]},{\"@type\":\"WebSite\",\"@id\":\"https:\/\/audiosoundsas.com\/#website\",\"url\":\"https:\/\/audiosoundsas.com\/\",\"name\":\"Audiosoundsas\",\"description\":\"P\u00e1gina web oficial de la marca Audio Sound\",\"potentialAction\":[{\"@type\":\"SearchAction\",\"target\":{\"@type\":\"EntryPoint\",\"urlTemplate\":\"https:\/\/audiosoundsas.com\/?s={search_term_string}\"},\"query-input\":\"required name=search_term_string\"}],\"inLanguage\":\"es\"}]}<\/script>\n<!-- \/ Yoast SEO plugin. -->","yoast_head_json":{"title":"C\u00e1mara de humo AS-F0G2000L Audio Sound - Audiosoundsas","robots":{"index":"index","follow":"follow","max-snippet":"max-snippet:-1","max-image-preview":"max-image-preview:large","max-video-preview":"max-video-preview:-1"},"canonical":"https:\/\/audiosoundsas.com\/?product=camara-de-humo-as-f0g2000l-audio-sound","og_locale":"es_ES","og_type":"article","og_title":"C\u00e1mara de humo AS-F0G2000L Audio Sound - Audiosoundsas","og_description":"POTENCIA: 2000 Watts.  TIEMPO DE PRECALENTAMIENTO 5 minutos.  DISTANCIA DE PROYECCI\u00d3N: 10 metros.  LUZ LED RGB ACCESORIOS: Control con cable y control r\u00e9moto inal\u00e1mbrico.","og_url":"https:\/\/audiosoundsas.com\/?product=camara-de-humo-as-f0g2000l-audio-sound","og_site_name":"Audiosoundsas","article_modified_time":"2025-11-02T23:19:23+00:00","og_image":[{"width":1080,"height":1080,"url":"https:\/\/audiosoundsas.com\/wp-content\/uploads\/2025\/11\/camara_humo_A_SOUND_2000.jpg","type":"image\/jpeg"}],"twitter_card":"summary_large_image","schema":{"@context":"https:\/\/schema.org","@graph":[{"@type":"WebPage","@id":"https:\/\/audiosoundsas.com\/?product=camara-de-humo-as-f0g2000l-audio-sound","url":"https:\/\/audiosoundsas.com\/?product=camara-de-humo-as-f0g2000l-audio-sound","name":"C\u00e1mara de humo AS-F0G2000L Audio Sound - Audiosoundsas","isPartOf":{"@id":"https:\/\/audiosoundsas.com\/#website"},"datePublished":"2025-11-02T23:17:47+00:00","dateModified":"2025-11-02T23:19:23+00:00","breadcrumb":{"@id":"https:\/\/audiosoundsas.com\/?product=camara-de-humo-as-f0g2000l-audio-sound#breadcrumb"},"inLanguage":"es","potentialAction":[{"@type":"ReadAction","target":["https:\/\/audiosoundsas.com\/?product=camara-de-humo-as-f0g2000l-audio-sound"]}]},{"@type":"BreadcrumbList","@id":"https:\/\/audiosoundsas.com\/?product=camara-de-humo-as-f0g2000l-audio-sound#breadcrumb","itemListElement":[{"@type":"ListItem","position":1,"name":"Portada","item":"https:\/\/audiosoundsas.com\/"},{"@type":"ListItem","position":2,"name":"Productos","item":"https:\/\/audiosoundsas.com\/?page_id=8"},{"@type":"ListItem","position":3,"name":"C\u00e1mara de humo AS-F0G2000L Audio Sound"}]},{"@type":"WebSite","@id":"https:\/\/audiosoundsas.com\/#website","url":"https:\/\/audiosoundsas.com\/","name":"Audiosoundsas","description":"P\u00e1gina web oficial de la marca Audio Sound","potentialAction":[{"@type":"SearchAction","target":{"@type":"EntryPoint","urlTemplate":"https:\/\/audiosoundsas.com\/?s={search_term_string}"},"query-input":"required name=search_term_string"}],"inLanguage":"es"}]}},"_links":{"self":[{"href":"https:\/\/audiosoundsas.com\/index.php?rest_route=\/wp\/v2\/product\/8476","targetHints":{"allow":["GET"]}}],"collection":[{"href":"https:\/\/audiosoundsas.com\/index.php?rest_route=\/wp\/v2\/product"}],"about":[{"href":"https:\/\/audiosoundsas.com\/index.php?rest_route=\/wp\/v2\/types\/product"}],"wp:featuredmedia":[{"embeddable":true,"href":"https:\/\/audiosoundsas.com\/index.php?rest_route=\/wp\/v2\/media\/8477"}],"wp:attachment":[{"href":"https:\/\/audiosoundsas.com\/index.php?rest_route=%2Fwp%2Fv2%2Fmedia&parent=8476"}],"wp:term":[{"taxonomy":"product_cat","embeddable":true,"href":"https:\/\/audiosoundsas.com\/index.php?rest_route=%2Fwp%2Fv2%2Fproduct_cat&post=8476"},{"taxonomy":"product_tag","embeddable":true,"href":"https:\/\/audiosoundsas.com\/index.php?rest_route=%2Fwp%2Fv2%2Fproduct_tag&post=8476"}],"curies":[{"name":"wp","href":"https:\/\/api.w.org\/{rel}","templated":true}]}}